n = 16 - b. What are the prime factors of n?
2, 7
Suppose 22 = -x + y - 19, 0 = -5*y + 10. Let n = x - -101. List the prime factors of n.
2, 31
Let g be 57/95 - (-64)/10. Let n(f) = f**2 - 1 - 5*f - 2*f**2 + 2*f**2. What are the prime factors of n(g)?
13
Let q(h) = h**2 - 36*h + 90. What are the prime factors of q(43)?
17, 23
Suppose 0 = -h + 4*g + 9, 5*g = -2*h + h. Let m(s) = -40*s - 9. Let d be m(-2). Suppose -d = -h*v + 24. List the prime factors of v.
19
Let o = -29 + 44. List the prime factors of (-6)/o - (-1401)/15.
3, 31
List the prime factors of (-119)/(-1)*-7*(-3876)/833.
2, 3, 17, 19
Let d(m) = -m**3 + 9*m**2 - 2*m + 6. Suppose 2*z - 4*z + 10 = 0. Let c be d(z). Suppose 0 = -2*l + 2*q + c, -5*q = 3*l - 79 - 89. List the prime factors of l.
3, 17
Let f(c) = 6*c**2 + 3*c - 2. Suppose 0 = -3*z + 6. Suppose 0 = -4*p - 16, 3*d + 4 + 16 = -z*p. List the prime factors of f(d).
2, 41
Let w = 22 + -15. Let n = w + -29. Let o = 26 + n. List the prime factors of o.
2
Suppose 3*j = 2*i - 0*i - 58, -i - 3*j = -20. Let z(o) = o**2 + 14*o + 3. Let k be z(-13). Let m = i + k. What are the prime factors of m?
2
Let k(t) = -111*t - 269. What are the prime factors of k(-10)?
29
Let y(z) = -8*z**2 - 2*z + 161. List the prime factors of y(0).
7, 23
Suppose -3*d + 0*d - 3 = 0, -2*d - 2 = 5*t. Suppose -a + 0*a + 58 = 0. Suppose t = 2*g - a + 12. List the prime factors of g.
23
Let b be 0/((2/6)/((-6)/(-18))). Suppose 0 = -3*s - i + 412, b*s - s + 132 = -i. What are the prime factors of s?
2, 17
Let a be (2 - (-3)/(-2))*10. Suppose -4*k - 12 = -8*k. Suppose k*r + 0*r - 52 = -a*h, 3*h = -r + 24. What are the prime factors of r?
3
Let u = 3474 - 1942. What are the prime factors of u?
2, 383
List the prime factors of 389*3 - 0 - (88 + -93).
2, 293
Let v be (-3)/((-3)/2)*-1. Let x be (-3)/(21/(-6) - v). Suppose m + s - 17 = 0, 4*m - 68 = x*s - 0*s. List the prime factors of m.
17
Let b(t) = 2*t**2 - 4*t + 198. What are the prime factors of b(-19)?
2, 3, 83
Let k = 5248 - 2933. List the prime factors of k.
5, 463
Let l(i) = -i**2 + 17*i + 4 - 19*i - 3. Let y be l(-4). Let d = -4 - y. List the prime factors of d.
3
Let i = -20 + 23. Let y(c) = -2 - 3*c + 10 - c + 4*c**2 + c**i + 5*c**2. What are the prime factors of y(-9)?
2, 11
Let h(c) = -4*c + 4. Let a be h(4). List the prime factors of a/4 + 152 + -4.
5, 29
Let h = 164 + -151. Let x(p) = 22*p - 32. List the prime factors of x(h).
2, 127
Suppose 2*j + 130 - 788 = 0. Suppose 77 = -3*g + j. Suppose -g + 4 = -5*a. List the prime factors of a.
2
Suppose 3994*y - 3983*y - 60313 = 0. List the prime factors of y.
5483
Let n = 1010 - -1190. List the prime factors of n.
2, 5, 11
Let i be 46/10 - (-4)/10. Let o(v) = -6*v**2 - 8*v + 15. Let f(m) = 7*m**2 + 8*m - 16. Let a(n) = i*f(n) + 6*o(n). What are the prime factors of a(-8)?
2, 5
Let t be 2/8 + (-14)/56. Let o be 1 - t - 105/(-3). Let s = o - 16. What are the prime factors of s?
2, 5
Let p(i) = -3*i**3 + 2*i + 7. Suppose -1 - 3 = u. Let z be (6/u)/(4/8). What are the prime factors of p(z)?
2, 41
Let n = -219 - -422. What are the prime factors of n?
7, 29
Let z(s) = 3*s - 5. Let q(r) = r - 2. Let k(j) = -5*q(j) + 2*z(j). Let u(d) = -7*d + 13. Let g(x) = -3*k(x) + u(x). List the prime factors of g(-3).
43
Let d be 9/(4/4 - 0). Let c(w) = -8 + 4*w - 11*w + d*w. List the prime factors of c(9).
2, 5
Suppose 2*m - 3 = 1. Let u(k) = 8*k**2 + 4*k**2 + 3*k**m + k - 9*k**2. List the prime factors of u(-3).
3, 17
Let f = 3 - 0. Let o(y) = 11*y**2 - 4*y + 10. What are the prime factors of o(f)?
97
Let q be ((-4)/(-4))/(3 - 2). List the prime factors of -3 - (1 - 8) - (-58 + q).
61
Let x(v) = -v**2. Let l be x(-1). Let b be l/(-4) + 15/4. Let w(z) = 2*z**2 + z + 2. What are the prime factors of w(b)?
2, 19
Let g be 4/2*1/2. Let v be g - (-4*1)/4. Let p(u) = 3*u**3 + 3*u - 3. List the prime factors of p(v).
3
Let b(p) = 11*p + 1. Let g(a) = 23*a + 7 + 6 - 12. Let i(r) = 9*b(r) - 4*g(r). What are the prime factors of i(3)?
2, 13
Suppose 3366 = -72*b + 75*b. List the prime factors of b.
2, 3, 11, 17
Let d(c) = -c**3 - 10*c**2 - 8*c + 11. Let v be d(-9). Suppose 0*i + 78 = v*i. List the prime factors of i.
3, 13
What are the prime factors of (-13428)/(-81) + (-6)/(-27)?
2, 83
Suppose 5*m + d + 10274 = 10*m, -m + 4*d + 2070 = 0. What are the prime factors of m?
2, 13, 79
Suppose 0 = -8*v - 2650 + 8002. What are the prime factors of v?
3, 223
Suppose -2*a = -1275 - 1309. List the prime factors of (a/85)/(2/5).
2, 19
Let q = 11 - 7. Suppose -q*j + 18 = -10. List the prime factors of j.
7
Let x(s) = -6*s + 20. Let c be x(3). Suppose 5*o = -2*h - 0*h + 156, c*h + o = 172. What are the prime factors of h?
2, 11
Let s(f) = 330*f**2 + 75*f - 150. What are the prime factors of s(2)?
2, 3, 5, 11
Let r(b) = -9*b. Suppose 12*l - 10*l = -14. What are the prime factors of r(l)?
3, 7
Suppose 4*y + 4*v - 6*v = 2994, -v = -y + 751. List the prime factors of y.
2, 373
Let a = 5 - 3. Let x be (-20 - -9)/((-11)/(-6) - 2). Suppose a*c + c = x. List the prime factors of c.
2, 11
List the prime factors of (8598/8)/(1*48/128).
2, 1433
Suppose -x = -2*p + 2112, 0*p - 4*x = -2*p + 2106. What are the prime factors of p?
7, 151
Let l = -224 + 336. What are the prime factors of l - (6 + -2 - 2)?
2, 5, 11
Let b = -29 + 26. List the prime factors of (-99)/11*4/b.
2, 3
Suppose x + 5421 = 4*y - 4*x, y = 4*x + 1369. Suppose 8*n - 707 = y. What are the prime factors of n?
257
Let b(f) be the third derivative of -f**6/120 + f**5/15 + 7*f**4/24 + 19*f**2. What are the prime factors of b(5)?
2, 5
Suppose 2*r - 3*r = -1, 2*r + 16 = 2*m. Let w be (-2)/(-9) + (-18)/81. Suppose 3*l - 69 - m = w. List the prime factors of l.
2, 13
Let z be (3 + -2)/((-6)/(-234)). Let s be 0 + -29 + 4 + -3. Let t = s + z. What are the prime factors of t?
11
Let z = -934 + 2410. List the prime factors of z.
2, 3, 41
Let m be 5 - ((-5)/(-1) + -3). Suppose m*o + 2*o + 1 = h, 4*o = -h + 1. Let y(r) = 2*r**3 + r**2 - r + 1. What are the prime factors of y(h)?
3
Suppose 3394 = 2*i - q, 2*i = 5*q - 104 + 3482. What are the prime factors of i?
1699
Suppose -17*c - 593 = 1294. Let m = c - -338. What are the prime factors of m?
227
Let w = -192 + 678. List the prime factors of w.
2, 3
Suppose -22*o + 17420 = -16680. What are the prime factors of o?
2, 5, 31
Suppose 73 - 11 = -2*h. Let g = h - -89. What are the prime factors of g?
2, 29
Let w(i) = i - 4. Suppose 1 = -3*v + 19. Let h be w(v). Suppose -3*z = h*z - 35. List the prime factors of z.
7
Suppose -2*n - 3*n + 18 = 2*k, 0 = 4*n + 3*k - 20. Let h(r) = -r**n - 1 - 8*r - 4 - 9*r. List the prime factors of h(-16).
11
Suppose 11*r = 4*r + 371. Suppose -5*p = -n + 41 - 148, -r = -3*p - 5*n. What are the prime factors of p?
3, 7
Let u be -13 + -10 - 8/(-2). Let x = u + 23. List the prime factors of 285/21 - x/7.
13
Suppose 6*s - 4*s = -2*b + 208, -5*s + 4*b + 529 = 0. What are the prime factors of s?
3, 5, 7
Suppose -19 = 4*z - 383. Let k = -41 + z. List the prime factors of k.
2, 5
Suppose -14*j - 2958 = -18302. List the prime factors of j.
2, 137
Suppose 2*w - 20 = 20. Let u = -36 + w. Let l = -11 - u. What are the prime factors of l?
5
Suppose -4732 = -3*t - 52. What are the prime factors of t?
2, 3, 5, 13
Let i(w) = 375*w - 21. Let h(q) = 375*q - 20. Let c(y) = -3*h(y) + 4*i(y). Let j be c(10). What are the prime factors of j/117 + (-2)/(-13)?
2
Let r = 164 + -111. Suppose l = -t - 19, -5*t - r - 18 = -l. Let o = t - -31. List the prime factors of o.
2
Suppose 21 = 2*y + 3*u - 24, 125 = 5*y - 5*u. Suppose -y = -3*w + 15. List the prime factors of (-1)/(1 - 2) + w.
2, 7
Let a be 99/(-3) + 1 + 0. Let t be (-21)/24 - (-4)/a. What are the prime factors of (-1)/(t*3/174)?
2, 29
Suppose 2*o - 1014 = 5*t - 76, o - 3*t = 469. Suppose -o = -3*m + 224. What are the prime factors of m?
3, 7, 11
Suppose -144810 = -98*b - 10060. What are the prime factors of b?
5, 11
Let y = -18 - -25. Let x(n) = -18*n - 13*n + y*n. List the prime factors of x(-1).
2, 3
Suppose -11*q + 75 = -6*q. What are the prime factors of (-35)/q - 2/(-6) - -95?
3, 31
Let l = 12 + -4. Let u(r) = 2*r**2 + 2*r + 2. What are the prime factors of u(l)?
2, 73
Suppose 2*q + 13*q = 33855. List the prime factors of q.
37, 61
List the prime fac